by 80.
77
Calculate the remainder when 2242 is divided by 324.
298
What is the remainder when 239 is divided by 22?
19
Calculate the remainder when 201 is divided by 17.
14
What is the remainder when 681 is divided by 36?
33
What is the remainder when 1959 is divided by 5?
4
What is the remainder when 3 is divided by 2?
1
Calculate the remainder when 117 is divided by 59.
58
What is the remainder when 575 is divided by 122?
87
Calculate the remainder when 487 is divided by 8.
7
What is the remainder when 236 is divided by 16?
12
Calculate the remainder when 290 is divided by 14.
10
What is the remainder when 47 is divided by 23?
1
Calculate the remainder when 22 is divided by 9.
4
Calculate the remainder when 99 is divided by 13.
8
Calculate the remainder when 91 is divided by 3.
1
Calculate the remainder when 4547 is divided by 134.
125
Calculate the remainder when 197 is divided by 193.
4
What is the remainder when 525 is divided by 23?
19
Calculate the remainder when 195 is divided by 5.
0
What is the remainder when 892 is divided by 59?
7
What is the remainder when 7643 is divided by 78?
77
Calculate the remainder when 158 is divided by 56.
46
What is the remainder when 152 is divided by 37?
4
Calculate the remainder when 2412 is divided by 93.
87
Calculate the remainder when 964 is divided by 65.
54
Calculate the remainder when 34 is divided by 10.
4
Calculate the remainder when 14 is divided by 2.
0
What is the remainder when 58 is divided by 45?
13
Calculate the remainder when 859 is divided by 89.
58
What is the remainder when 118 is divided by 37?
7
What is the remainder when 20 is divided by 12?
8
Calculate the remainder when 6025 is divided by 21.
19
What is the remainder when 375 is divided by 57?
33
What is the remainder when 4598 is divided by 118?
114
Calculate the remainder when 12163 is divided by 5.
3
What is the remainder when 1498 is divided by 125?
123
What is the remainder when 1828 is divided by 903?
22
What is the remainder when 942 is divided by 63?
60
What is the remainder when 827 is divided by 6?
5
What is the remainder when 2743 is divided by 41?
37
Calculate the remainder when 48 is divided by 25.
23
Calculate the remainder when 143 is divided by 50.
43
Calculate the remainder when 75 is divided by 39.
36
Calculate the remainder when 72 is divided by 13.
7
Calculate the remainder when 77 is divided by 16.
13
Calculate the remainder when 364 is divided by 37.
31
What is the remainder when 457 is divided by 20?
17
Calculate the remainder when 133 is divided by 44.
1
What is the remainder when 637 is divided by 9?
7
What is the remainder when 12645 is divided by 139?
135
Calculate the remainder when 287 is divided by 6.
5
What is the remainder when 189 is divided by 28?
21
What is the remainder when 11984 is divided by 141?
140
What is the remainder when 155 is divided by 53?
49
What is the remainder when 332 is divided by 331?
1
What is the remainder when 1343 is divided by 56?
55
What is the remainder when 434 is divided by 411?
23
What is the remainder when 60 is divided by 4?
0
What is the remainder when 56164 is divided by 407?
405
What is the remainder when 101 is divided by 86?
15
Calculate the remainder when 103 is divided by 29.
16
What is the remainder when 100 is divided by 21?
16
Calculate the remainder when 451 is divided by 38.
33
What is the remainder when 167 is divided by 21?
20
Calculate the remainder when 473 is divided by 79.
78
Calculate the remainder when 19078 is divided by 212.
210
What is the remainder when 10435 is divided by 232?
227
Calculate the remainder when 170 is divided by 11.
5
What is the remainder when 1226 is divided by 5?
1
What is the remainder when 806 is divided by 406?
400
What is the remainder when 1500 is divided by 211?
23
Calculate the remainder when 152 is divided by 64.
24
What is the remainder when 313 is divided by 78?
1
Calculate the remainder when 2744 is divided by 45.
44
Calculate the remainder when 923 is divided by 130.
13
What is the remainder when 27753 is divided by 18?
15
Calculate the remainder when 945 is divided by 239.
228
What is the remainder when 283 is divided by 242?
41
What is the remainder when 333 is divided by 12?
9
What is the remainder when 340 is divided by 49?
46
Calculate the remainder when 548 is divided by 9.
8
Calculate the remainder when 3101 is divided by 3.
2
What is the remainder when 469 is divided by 47?
46
Calculate the remainder when 447 is divided by 41.
37
Calculate the remainder when 836 is divided by 40.
36
What is the remainder when 45 is divided by 36?
9
Calculate the remainder when 178 is divided by 97.
81
Calculate the remainder when 179 is divided by 45.
44
What is the remainder when 1187 is divided by 319?
230
What is the remainder when 44 is divided by 15?
14
Calculate the remainder when 61 is divided by 34.
27
What is the remainder when 805 is divided by 62?
61
Calculate the remainder when 1230 is divided by 11.
9
Calculate the remainder when 206 is divided by 16.
14
What is the remainder when 9038 is divided by 113?
111
Calculate the remainder when 983 is divided by 34.
31
Calculate the remainder when 1728 is divided by 91.
90
What is the remainder when 243 is divided by 54?
27
What is the remainder when 57 is divided by 43?
14
Calculate the remainder when 378 is divided by 28.
14
What is the remainder when 642 is divided by 311?
20
Calculate the remainder when 125 is divided by 23.
10
Calculate the remainder when 255 is divided by 13.
8
What is the remainder when 84 is divided by 9?
3
What is the remainder when 549 is divided by 10?
9
What is the remainder when 4478 is divided by 54?
50
What is the remainder when 580 is divided by 120?
100
Calculate the remainder when 88 is divided by 23.
19
Calculate the remainder when 413 is divided by 46.
45
Calculate the remainder when 3504 is divided by 292.
0
What is the remainder when 6683 is divided by 191?
189
Calculate the remainder when 1461 is divided by 147.
138
What is the remainder when 58 is divided by 36?
22
Calculate the remainder when 558 is divided by 148.
114
Calculate the remainder when 2536 is divided by 32.
8
Calculate the remainder when 419 is divided by 42.
41
What is the remainder when 90 is divided by 16?
10
Calculate the remainder when 99 is divided by 20.
19
What is the remainder when 329 is divided by 135?
59
What is the remainder when 2299 is divided by 40?
19
Calculate the remainder when 302 is divided by 285.
17
Calculate the remainder when 894 is divided by 155.
119
What is the remainder when 959 is divided by 32?
31
Calculate the remainder when 1632 is divided by 327.
324
What is the remainder when 341 is divided by 36?
17
What is the remainder when 752 is divided by 27?
23
What is the remainder when 1413 is divided by 6?
3
What is the remainder when 38 is divided by 5?
3
What is the remainder when 452 is divided by 57?
53
What is the remainder when 97 is divided by 39?
19
Calculate the remainder when 410 is divided by 106.
92
What is the remainder when 223 is divided by 21?
13
What is the remainder when 972 is divided by 82?
70
What is the remainder when 1336 is divided by 5?
1
Calculate the remainder when 409 is divided by 53.
38
Calculate the remainder when 2421 is divided by 202.
199
Calculate the remainder when 12472 is divided by 6.
4
What is the remainder when 5434 is divided by 5?
4
What is the remainder when 111 is divided by 30?
21
Calculate the remainder when 7221 is divided by 129.
126
What is the remainder when 571 is divided by 66?
43
Calculate the remainder when 4859 is divided by 139.
133
Calculate the remainder when 254 is divided by 51.
50
Calculate the remainder when 223 is divided by 112.
111
Calculate the remainder when 735 is divided by 46.
45
What is the remainder when 299 is divided by 15?
14
What is the remainder when 1834 is divided by 51?
49
What is the remainder when 983 is divided by 123?
122
Calculate the remainder when 368 is divided by 14.
4
Calculate the remainder when 227 is divided by 71.
14
Calculate the remainder when 209 is divided by 27.
20
Calculate the remainder when 16127 is divided by 336.
335
Calculate the remainder when 107 is divided by 51.
5
What is the remainder when 269 is divided by 23?
16
Ca